 + (-26)/w. Suppose -c = 4*a - 16. What are the prime factors of a?
3
Let l = 4 - 1. Suppose l*p + 2*f - 10 = 0, 3*p = -3*f + 5 + 1. List the prime factors of p.
2, 3
Let a(l) = l**3 - 7*l**2 + 6*l + 3. Let j be a(5). Suppose d = 4*g - 108, 2*g + d + 82 = 5*g. Let f = g + j. List the prime factors of f.
3
Let m(p) = p**3 + 6*p**2 + 4*p - 5. Let j be m(-5). Suppose 5*q - 13 - 2 = j. List the prime factors of q.
3
Let b be 1/((-1)/2 - -1). Suppose q = b + 10. List the prime factors of q + (1 - (-1 + 0)).
2, 7
Let l(b) = 3 - b**3 - 3*b**2 + 0*b**2 + 4*b**2 + 4*b**2. What are the prime factors of l(5)?
3
Suppose -3*j - 210 = -3*f, 4*f - 3*f - 2*j - 75 = 0. List the prime factors of f.
5, 13
Let r = -25 + 38. What are the prime factors of (-8)/4 + r + 2?
13
Let b(z) = 6*z - 7. Let r be b(7). Suppose -3*h + 0*h = -5*v - r, -h = -v - 9. Suppose h*g - 35 = g + 5*u, 4*u - 44 = -4*g. List the prime factors of g.
2, 5
Suppose -h + s + 52 = -6, 0 = 5*h + 2*s - 297. What are the prime factors of h?
59
Let t = -9 - -6. What are the prime factors of (t + 0)*60/(-9)?
2, 5
Suppose -3*t + 39 = -15. Suppose 5*s = -2*o - 1 + t, 4*o - 9 = -5*s. List the prime factors of (-2)/4 - 18/o.
2
Let i(t) = t**3 - 4*t**2 + 4*t + 1. Let y be i(3). Suppose -y*w + 7 = -3*j + 6*j, -3*w + 3 = 2*j. What are the prime factors of j?
3
Suppose 0 = -4*k + 3*a + 8 + 19, 4*k - 32 = 4*a. Suppose 65 = 5*u - h, 6*u = k*u - 2*h + 26. Suppose 5*g - u = 13. List the prime factors of g.
5
Suppose -2*d + 4 + 6 = 0. Suppose -d*p - 3 + 133 = 0. List the prime factors of p.
2, 13
Let d = 9 + 2. Suppose -5*m - 2*q - d = -50, 4*m + 3*q = 34. List the prime factors of m.
7
Suppose 106 = 2*d - 4*g, 3*d + g - 67 = 71. List the prime factors of d.
47
Let n = 28 + 1. List the prime factors of n.
29
Suppose 3*g - 6*u = -2*u + 14, 0 = -g + 2*u + 4. Suppose 0 = 9*r - g*r. Let z = 18 + r. List the prime factors of z.
2, 3
List the prime factors of (2/(-6))/(8/(-8472)).
353
Let x = 34 + -29. Let j(p) = -p**3 - 5*p**2 + 4*p - 8. Let n be j(-6). Suppose -n*s + x*s = 5. List the prime factors of s.
5
Let i(s) = -s**3 - 5*s**2 - 4*s - 7. Let b be i(-5). Let p(d) = -d**2 + 14*d - 6. What are the prime factors of p(b)?
7
Let m(b) = 4*b**2 + 2*b - 6. Suppose 7*r - 4*r = 9. What are the prime factors of m(r)?
2, 3
Let b be (-3)/(-7) - 230/(-35). Let x = 18 - b. What are the prime factors of x?
11
Let f(a) = a. Let j(k) = -3*k + 8. Let s(w) = 2*f(w) + j(w). What are the prime factors of s(0)?
2
Let u(w) = -3*w + 0*w + 2*w**2 - 7*w**3 + w**3 - 3. Let f be u(-2). Suppose 5*p - f = -4*c, 2*p - 5*c + c = 18. What are the prime factors of p?
11
Suppose 0 = -d + 7 + 5. What are the prime factors of d?
2, 3
Suppose -20 = -2*o + 4*l, -o - 20 = -3*o - 2*l. Let x = 8 + o. What are the prime factors of x?
2, 3
Suppose -3*d = 0, 1 = -i + 5*d + 4. Suppose 3*t - 2*y = 47, -3*y + 50 = i*t - 8*y. List the prime factors of t.
3, 5
What are the prime factors of 4*2/((-24)/(-9))?
3
Let o be 1 - 1 - (-3 + 4). Let m = -2 - -14. Let y = m + o. List the prime factors of y.
11
Let b = 1 + 10. Let j(z) = z**3 + 10*z**2 + 5*z + 6. Let n(r) = -3*r**3 - 29*r**2 - 14*r - 17. Let x(t) = b*j(t) + 4*n(t). What are the prime factors of x(-6)?
2
Suppose -5*y = -5*r - 25, -4*y = -3*y - 5*r - 25. Suppose y = 5*n - 7 - 8. Suppose -4*q + 6 = -i, -6*q = 5*i - n*q - 16. List the prime factors of i.
2
Let t(i) = -15*i + 4*i**2 - 8 - 6*i**2 + i**2. What are the prime factors of t(-11)?
2, 3
Suppose 5*h + 52 = 232. What are the prime factors of h?
2, 3
Let n be (0 - (-2)/4)*4. Suppose 0 = n*u + 2*g - 36, -2*u - 3*g = -56 + 17. List the prime factors of u.
3, 5
Let n(x) = -x + 1. Let c(d) = 4*d + 2. Let y(j) = -c(j) - 5*n(j). Let p be y(6). Let m = 3 + p. List the prime factors of m.
2
Suppose 3 = 2*n - 5. Let s(z) be the second derivative of z**5/20 - z**4/3 + z**3/3 + 2*z**2 - 2*z. List the prime factors of s(n).
2, 3
Let q(l) = 13*l**3 + 2*l**2 - l. Let r = -3 - -4. What are the prime factors of q(r)?
2, 7
Let h(w) = -9*w - 53. What are the prime factors of h(-27)?
2, 5, 19
Suppose 3*l - 6 = -0*l. List the prime factors of l.
2
Suppose -4*v - 31 = 101. List the prime factors of 2/(-3) - 880/v.
2, 13
Suppose -5*s + 4*f + 167 = 0, -4*f + 23 + 20 = s. List the prime factors of s.
5, 7
Let w be 45/5 - (0 - 2). Let x = 15 - w. Suppose -41 - 31 = -x*n. List the prime factors of n.
2, 3
Suppose -3 + 5 = a. List the prime factors of (a + -1)*1*17.
17
Suppose f - 4*z + 12 = 0, 0*z - z + 123 = -4*f. Let r = -20 - f. What are the prime factors of r?
2, 3
Let c = 15 + -13. Suppose c - 44 = -3*v. What are the prime factors of v?
2, 7
Let w = 8 - 0. Let j = 4 - w. Let z = 8 - j. List the prime factors of z.
2, 3
Let j be -10*(2 + 15/(-2)). Suppose -7*v + 2*v + j = 0. List the prime factors of v.
11
Let h(w) = w**2 + 9. Let u(q) = q - 6. Let f be u(8). Let l be 2 - (1 + (f - 1)). What are the prime factors of h(l)?
3
Suppose -2*b - 2 = -3*b. Suppose -b*w + 2 = -2. What are the prime factors of w - (-2 - 4/2)?
2, 3
Let h = 12 + 15. What are the prime factors of h?
3
Let x be 1/(-1) - -11 - 0. Suppose 2*t + x = 7*t. What are the prime factors of t?
2
Suppose -33 = -j + 10. List the prime factors of j.
43
Suppose 4*i - 10 = 6. Suppose -i*b - 2 - 10 = 0. List the prime factors of (18/1)/(b - -5).
3
Let o be (2/(-4) + 0)*0. Let a = o + 2. Suppose a*z = -m + 13, 2*m = -5*z + 7*m + 40. What are the prime factors of z?
7
Suppose -2*w + 3*s + 51 = -0*s, 3*s = -9. Suppose k = -2*k + w. List the prime factors of k.
7
Suppose -5*o + 21 = g, -3*g - 9 - 3 = 0. Suppose 13 = o*r + 4*h, -3*r + 2 = 2*h - 7. What are the prime factors of r?
5
Let r = 88 - 51. Suppose 2*m - 25 - 11 = 0. Let c = r - m. What are the prime factors of c?
19
Suppose -248 + 24 = -4*g. Let f = g + -32. What are the prime factors of f?
2, 3
Let z(x) = -x**2 + 20*x + 6. What are the prime factors of z(9)?
3, 5, 7
Let w = -26 - -12. Let p be 10/(-25)*(-1 + w). Let f = p - 4. List the prime factors of f.
2
Suppose 3*o + 2 + 64 = 0. Let f be 12/66 + 158/o. List the prime factors of f/(-1) + 0 + -1.
2, 3
Let u(r) = -3*r**3 - r**2 - r + 1. Let n be u(1). Let p be (9/6)/((-2)/n). List the prime factors of (p/6)/(3/72).
2, 3
Let v(p) = p**2 + 10*p + 10. Let x(k) = k**2 - 6*k - 7. Let t be x(5). What are the prime factors of v(t)?
2, 17
Let g = -22 + 8. List the prime factors of 0 + (-1 - (g + 0)).
13
Suppose -3*t - 2*m + 259 + 8 = 0, 4*m - 447 = -5*t. What are the prime factors of t?
3, 29
Let x(h) = -4*h - 87. What are the prime factors of x(-28)?
5
Suppose -5*z + m + 58 = 0, 32 = 4*z - m + 5*m. Suppose -4*b + z = -1. Let h = 4 + b. What are the prime factors of h?
7
Let t be 2/15 + (-434)/105. List the prime factors of ((-8)/2)/t*38.
2, 19
Suppose 0 = 6*j + 323 - 2081. What are the prime factors of j?
293
Let o be 3/(-2) - (-819)/18. Suppose 2*k + 0*k = o. What are the prime factors of k?
2, 11
What are the prime factors of (-9 + 0)*((-8)/6 - 2)?
2, 3, 5
Suppose -163 = -54*a + 53*a. List the prime factors of a.
163
Let y(n) = 7*n**2 + 4*n - 2. Let q be y(-4). Let h = q - 51. Suppose 0 = x - 5*c - h + 13, 5*x - 40 = 3*c. What are the prime factors of x?
5
Suppose -4*c + l - 822 = 2*l, -1024 = 5*c + 3*l. List the prime factors of (-6)/(-12) - c/4.
2, 13
Let q be 0/(-2) + (-16 - 2). List the prime factors of (-2 - -2) + q/(-3).
2, 3
Suppose -7*l + 70 = -5*l. List the prime factors of l.
5, 7
Let p be 4/(-5)*15/(-6). Suppose 2*m - 3*u - 14 = 0, 3*m + 6 = -p*u + 40. Suppose x - 5*n = -8, -n + 2 = 5*x - m. What are the prime factors of x?
2
Let w be 40/18 + (-6)/27. Suppose 0 = 6*z - 3*z, -2*j = 2*z - 76. Suppose -w*d + j - 14 = 0. List the prime factors of d.
2, 3
Let r be ((-4)/6)/(12/18). Let n(y) = -13*y**2 - y + 5. Let k(d) = 14*d**2 + d - 4. Let v(h) = 6*k(h) + 5*n(h). What are the prime factors of v(r)?
19
Let k(x) = x + 2. Let z be (-2)/(-5) - (-38)/5. Suppose -5*v + 5*q + 40 = 2*q, v = 2*q + z. What are the prime factors of k(v)?
2, 5
Let m = 9 + -9. Suppose 3*a + 150 = 2*t + 3*t, m = 4*t + 5*a - 157. List the prime factors of t.
3, 11
List the prime factors of -5 + 4 - -2 - -15.
2
Suppose 3*p - 5*q + 2 + 132 = 0, -5*p = -3*q + 218. List the prime factors of (0 - p/1) + 1.
2, 11
Let f(t) = 0 - 4 - 4 + 0 - 4*t. Let